{"id":236,"date":"2019-02-06T18:17:01","date_gmt":"2019-02-06T18:17:01","guid":{"rendered":"https:\/\/www.jloisbocos.com\/?post_type=project&#038;p=236"},"modified":"2025-01-22T17:40:32","modified_gmt":"2025-01-22T17:40:32","slug":"organo-de-la-catedral-de-segovia","status":"publish","type":"project","link":"https:\/\/www.jloisbocos.com\/pt-pt\/portefolio\/organo-de-la-catedral-de-segovia\/","title":{"rendered":"\u00d3rgano de la catedral de Segovia"},"content":{"rendered":"\n<p>Proyecto de registro y comunicaci\u00f3n de la restauraci\u00f3n del \u00f3rgano del evangelio de la Catedral de Segovia por el <a href=\"https:\/\/www.jloisbocos.com\/portefolio\/imagen-y-comunicacion-joaquin-lois-organero\/\">taller de organer\u00eda de Joaqu\u00edn Lois<\/a>.<\/p>\n\n\n\n<p>Se desarrollaron varios trabajos, entre ellas un blog que acompa\u00f1a el proceso de restauraci\u00f3n que contiene tanto la informacion historica del instrumento como todo el proceso de restauraci\u00f3n, el cual es compartido en tiempo real en redes sociales y ofrecido en diferentes formatos, fotograf\u00eda, art\u00edculos, videos, visitas virtuales&#8230;<\/p>\n\n\n\n<p>Se desarolla un Tour Virtual que permite a los usuarios conocer el \u00f3rgano desde su interior, \u00e9ste fue variando en sus diferentes fases hasta llegar a su estado actual despu\u00e9s de la intervenci\u00f3n. Este proyecto cobra gran importancia tratandose de una obra de gran importancia para nuestro patrim\u00f3nio historico art\u00edstico.<\/p>\n\n\n\n<p>Otra de las patas del proyecto fue la edici\u00f3n de un libro donde se plasma toda la informaci\u00f3n referente al instrumento y la intervenci\u00f3n.<\/p>\n\n\n\n<p><\/p>\n","protected":false},"excerpt":{"rendered":"<p>Proyecto de registro y comunicaci\u00f3n de la restauraci\u00f3n del \u00f3rgano del evangelio de la Catedral de Segovia por el taller de organer\u00eda de Joaqu\u00edn Lois. Se desarrollaron varios trabajos, entre ellas un blog que acompa\u00f1a el proceso de restauraci\u00f3n que contiene tanto la informacion historica del instrumento como todo el proceso de restauraci\u00f3n, el cual [&hellip;]<\/p>\n","protected":false},"featured_media":240,"menu_order":0,"template":"","meta":{"_acf_changed":false,"footnotes":""},"cat-portfolio":[5,14],"project-tag":[50,52,53,54],"class_list":["post-236","project","type-project","status-publish","has-post-thumbnail","hentry","cat-portfolio-5","cat-portfolio-reportaje","project-tag-esperiencia-vr","project-tag-reportaje-fotografico","project-tag-sitio-web","project-tag-tour-virtual"],"acf":[],"yoast_head":"<!-- This site is optimized with the Yoast SEO plugin v26.6 - https:\/\/yoast.com\/wordpress\/plugins\/seo\/ -->\n<title>\u00d3rgano de la catedral de Segovia - Jloisbocos<\/title>\n<meta name=\"robots\" content=\"noindex, follow, max-snippet:-1, max-image-preview:large, max-video-preview:-1\" \/>\n<meta property=\"og:locale\" content=\"pt_PT\" \/>\n<meta property=\"og:type\" content=\"article\" \/>\n<meta property=\"og:title\" content=\"\u00d3rgano de la catedral de Segovia - Jloisbocos\" \/>\n<meta property=\"og:description\" content=\"Proyecto de registro y comunicaci\u00f3n de la restauraci\u00f3n del \u00f3rgano del evangelio de la Catedral de Segovia por el taller de organer\u00eda de Joaqu\u00edn Lois. Se desarrollaron varios trabajos, entre ellas un blog que acompa\u00f1a el proceso de restauraci\u00f3n que contiene tanto la informacion historica del instrumento como todo el proceso de restauraci\u00f3n, el cual [&hellip;]\" \/>\n<meta property=\"og:url\" content=\"https:\/\/www.jloisbocos.com\/pt-pt\/portefolio\/organo-de-la-catedral-de-segovia\/\" \/>\n<meta property=\"og:site_name\" content=\"Jloisbocos\" \/>\n<meta property=\"article:modified_time\" content=\"2025-01-22T17:40:32+00:00\" \/>\n<meta property=\"og:image\" content=\"https:\/\/www.jloisbocos.com\/wp-content\/uploads\/2023\/02\/MG_1614-HDR_3.jpg\" \/>\n\t<meta property=\"og:image:width\" content=\"2000\" \/>\n\t<meta property=\"og:image:height\" content=\"1542\" \/>\n\t<meta property=\"og:image:type\" content=\"image\/jpeg\" \/>\n<meta name=\"twitter:card\" content=\"summary_large_image\" \/>\n<meta name=\"twitter:label1\" content=\"Tempo estimado de leitura\" \/>\n\t<meta name=\"twitter:data1\" content=\"1 minuto\" \/>\n<script type=\"application\/ld+json\" class=\"yoast-schema-graph\">{\"@context\":\"https:\/\/schema.org\",\"@graph\":[{\"@type\":\"WebPage\",\"@id\":\"https:\/\/www.jloisbocos.com\/pt-pt\/portefolio\/organo-de-la-catedral-de-segovia\/\",\"url\":\"https:\/\/www.jloisbocos.com\/pt-pt\/portefolio\/organo-de-la-catedral-de-segovia\/\",\"name\":\"\u00d3rgano de la catedral de Segovia - Jloisbocos\",\"isPartOf\":{\"@id\":\"https:\/\/www.jloisbocos.com\/pt-pt\/#website\"},\"primaryImageOfPage\":{\"@id\":\"https:\/\/www.jloisbocos.com\/pt-pt\/portefolio\/organo-de-la-catedral-de-segovia\/#primaryimage\"},\"image\":{\"@id\":\"https:\/\/www.jloisbocos.com\/pt-pt\/portefolio\/organo-de-la-catedral-de-segovia\/#primaryimage\"},\"thumbnailUrl\":\"https:\/\/www.jloisbocos.com\/wp-content\/uploads\/2023\/02\/MG_1614-HDR_3.jpg\",\"datePublished\":\"2019-02-06T18:17:01+00:00\",\"dateModified\":\"2025-01-22T17:40:32+00:00\",\"breadcrumb\":{\"@id\":\"https:\/\/www.jloisbocos.com\/pt-pt\/portefolio\/organo-de-la-catedral-de-segovia\/#breadcrumb\"},\"inLanguage\":\"pt-PT\",\"potentialAction\":[{\"@type\":\"ReadAction\",\"target\":[\"https:\/\/www.jloisbocos.com\/pt-pt\/portefolio\/organo-de-la-catedral-de-segovia\/\"]}]},{\"@type\":\"ImageObject\",\"inLanguage\":\"pt-PT\",\"@id\":\"https:\/\/www.jloisbocos.com\/pt-pt\/portefolio\/organo-de-la-catedral-de-segovia\/#primaryimage\",\"url\":\"https:\/\/www.jloisbocos.com\/wp-content\/uploads\/2023\/02\/MG_1614-HDR_3.jpg\",\"contentUrl\":\"https:\/\/www.jloisbocos.com\/wp-content\/uploads\/2023\/02\/MG_1614-HDR_3.jpg\",\"width\":2000,\"height\":1542},{\"@type\":\"BreadcrumbList\",\"@id\":\"https:\/\/www.jloisbocos.com\/pt-pt\/portefolio\/organo-de-la-catedral-de-segovia\/#breadcrumb\",\"itemListElement\":[{\"@type\":\"ListItem\",\"position\":1,\"name\":\"In\u00edcio\",\"item\":\"https:\/\/www.jloisbocos.com\/pt-pt\/\"},{\"@type\":\"ListItem\",\"position\":2,\"name\":\"Portfolio\",\"item\":\"https:\/\/www.jloisbocos.com\/pt-pt\/portfolio\/\"},{\"@type\":\"ListItem\",\"position\":3,\"name\":\"360\",\"item\":\"https:\/\/www.jloisbocos.com\/cat-portfolio\/360\/\"},{\"@type\":\"ListItem\",\"position\":4,\"name\":\"\u00d3rgano de la catedral de Segovia\"}]},{\"@type\":\"WebSite\",\"@id\":\"https:\/\/www.jloisbocos.com\/pt-pt\/#website\",\"url\":\"https:\/\/www.jloisbocos.com\/pt-pt\/\",\"name\":\"Jloisbocos\",\"description\":\"Fotogr\u00e1fia, dise\u00f1o y 3Dscan\",\"publisher\":{\"@id\":\"https:\/\/www.jloisbocos.com\/pt-pt\/#organization\"},\"potentialAction\":[{\"@type\":\"SearchAction\",\"target\":{\"@type\":\"EntryPoint\",\"urlTemplate\":\"https:\/\/www.jloisbocos.com\/pt-pt\/?s={search_term_string}\"},\"query-input\":{\"@type\":\"PropertyValueSpecification\",\"valueRequired\":true,\"valueName\":\"search_term_string\"}}],\"inLanguage\":\"pt-PT\"},{\"@type\":\"Organization\",\"@id\":\"https:\/\/www.jloisbocos.com\/pt-pt\/#organization\",\"name\":\"Jloisbocos\",\"url\":\"https:\/\/www.jloisbocos.com\/pt-pt\/\",\"logo\":{\"@type\":\"ImageObject\",\"inLanguage\":\"pt-PT\",\"@id\":\"https:\/\/www.jloisbocos.com\/pt-pt\/#\/schema\/logo\/image\/\",\"url\":\"https:\/\/www.jloisbocos.com\/wp-content\/uploads\/2022\/12\/logo.png\",\"contentUrl\":\"https:\/\/www.jloisbocos.com\/wp-content\/uploads\/2022\/12\/logo.png\",\"width\":208,\"height\":42,\"caption\":\"Jloisbocos\"},\"image\":{\"@id\":\"https:\/\/www.jloisbocos.com\/pt-pt\/#\/schema\/logo\/image\/\"}}]}<\/script>\n<!-- \/ Yoast SEO plugin. -->","yoast_head_json":{"title":"\u00d3rgano de la catedral de Segovia - Jloisbocos","robots":{"index":"noindex","follow":"follow","max-snippet":"max-snippet:-1","max-image-preview":"max-image-preview:large","max-video-preview":"max-video-preview:-1"},"og_locale":"pt_PT","og_type":"article","og_title":"\u00d3rgano de la catedral de Segovia - Jloisbocos","og_description":"Proyecto de registro y comunicaci\u00f3n de la restauraci\u00f3n del \u00f3rgano del evangelio de la Catedral de Segovia por el taller de organer\u00eda de Joaqu\u00edn Lois. Se desarrollaron varios trabajos, entre ellas un blog que acompa\u00f1a el proceso de restauraci\u00f3n que contiene tanto la informacion historica del instrumento como todo el proceso de restauraci\u00f3n, el cual [&hellip;]","og_url":"https:\/\/www.jloisbocos.com\/pt-pt\/portefolio\/organo-de-la-catedral-de-segovia\/","og_site_name":"Jloisbocos","article_modified_time":"2025-01-22T17:40:32+00:00","og_image":[{"width":2000,"height":1542,"url":"https:\/\/www.jloisbocos.com\/wp-content\/uploads\/2023\/02\/MG_1614-HDR_3.jpg","type":"image\/jpeg"}],"twitter_card":"summary_large_image","twitter_misc":{"Tempo estimado de leitura":"1 minuto"},"schema":{"@context":"https:\/\/schema.org","@graph":[{"@type":"WebPage","@id":"https:\/\/www.jloisbocos.com\/pt-pt\/portefolio\/organo-de-la-catedral-de-segovia\/","url":"https:\/\/www.jloisbocos.com\/pt-pt\/portefolio\/organo-de-la-catedral-de-segovia\/","name":"\u00d3rgano de la catedral de Segovia - Jloisbocos","isPartOf":{"@id":"https:\/\/www.jloisbocos.com\/pt-pt\/#website"},"primaryImageOfPage":{"@id":"https:\/\/www.jloisbocos.com\/pt-pt\/portefolio\/organo-de-la-catedral-de-segovia\/#primaryimage"},"image":{"@id":"https:\/\/www.jloisbocos.com\/pt-pt\/portefolio\/organo-de-la-catedral-de-segovia\/#primaryimage"},"thumbnailUrl":"https:\/\/www.jloisbocos.com\/wp-content\/uploads\/2023\/02\/MG_1614-HDR_3.jpg","datePublished":"2019-02-06T18:17:01+00:00","dateModified":"2025-01-22T17:40:32+00:00","breadcrumb":{"@id":"https:\/\/www.jloisbocos.com\/pt-pt\/portefolio\/organo-de-la-catedral-de-segovia\/#breadcrumb"},"inLanguage":"pt-PT","potentialAction":[{"@type":"ReadAction","target":["https:\/\/www.jloisbocos.com\/pt-pt\/portefolio\/organo-de-la-catedral-de-segovia\/"]}]},{"@type":"ImageObject","inLanguage":"pt-PT","@id":"https:\/\/www.jloisbocos.com\/pt-pt\/portefolio\/organo-de-la-catedral-de-segovia\/#primaryimage","url":"https:\/\/www.jloisbocos.com\/wp-content\/uploads\/2023\/02\/MG_1614-HDR_3.jpg","contentUrl":"https:\/\/www.jloisbocos.com\/wp-content\/uploads\/2023\/02\/MG_1614-HDR_3.jpg","width":2000,"height":1542},{"@type":"BreadcrumbList","@id":"https:\/\/www.jloisbocos.com\/pt-pt\/portefolio\/organo-de-la-catedral-de-segovia\/#breadcrumb","itemListElement":[{"@type":"ListItem","position":1,"name":"In\u00edcio","item":"https:\/\/www.jloisbocos.com\/pt-pt\/"},{"@type":"ListItem","position":2,"name":"Portfolio","item":"https:\/\/www.jloisbocos.com\/pt-pt\/portfolio\/"},{"@type":"ListItem","position":3,"name":"360","item":"https:\/\/www.jloisbocos.com\/cat-portfolio\/360\/"},{"@type":"ListItem","position":4,"name":"\u00d3rgano de la catedral de Segovia"}]},{"@type":"WebSite","@id":"https:\/\/www.jloisbocos.com\/pt-pt\/#website","url":"https:\/\/www.jloisbocos.com\/pt-pt\/","name":"Jloisbocos","description":"Fotogr\u00e1fia, dise\u00f1o y 3Dscan","publisher":{"@id":"https:\/\/www.jloisbocos.com\/pt-pt\/#organization"},"potentialAction":[{"@type":"SearchAction","target":{"@type":"EntryPoint","urlTemplate":"https:\/\/www.jloisbocos.com\/pt-pt\/?s={search_term_string}"},"query-input":{"@type":"PropertyValueSpecification","valueRequired":true,"valueName":"search_term_string"}}],"inLanguage":"pt-PT"},{"@type":"Organization","@id":"https:\/\/www.jloisbocos.com\/pt-pt\/#organization","name":"Jloisbocos","url":"https:\/\/www.jloisbocos.com\/pt-pt\/","logo":{"@type":"ImageObject","inLanguage":"pt-PT","@id":"https:\/\/www.jloisbocos.com\/pt-pt\/#\/schema\/logo\/image\/","url":"https:\/\/www.jloisbocos.com\/wp-content\/uploads\/2022\/12\/logo.png","contentUrl":"https:\/\/www.jloisbocos.com\/wp-content\/uploads\/2022\/12\/logo.png","width":208,"height":42,"caption":"Jloisbocos"},"image":{"@id":"https:\/\/www.jloisbocos.com\/pt-pt\/#\/schema\/logo\/image\/"}}]}},"jetpack_sharing_enabled":true,"_links":{"self":[{"href":"https:\/\/www.jloisbocos.com\/pt-pt\/wp-json\/wp\/v2\/project\/236","targetHints":{"allow":["GET"]}}],"collection":[{"href":"https:\/\/www.jloisbocos.com\/pt-pt\/wp-json\/wp\/v2\/project"}],"about":[{"href":"https:\/\/www.jloisbocos.com\/pt-pt\/wp-json\/wp\/v2\/types\/project"}],"version-history":[{"count":17,"href":"https:\/\/www.jloisbocos.com\/pt-pt\/wp-json\/wp\/v2\/project\/236\/revisions"}],"predecessor-version":[{"id":2661,"href":"https:\/\/www.jloisbocos.com\/pt-pt\/wp-json\/wp\/v2\/project\/236\/revisions\/2661"}],"wp:featuredmedia":[{"embeddable":true,"href":"https:\/\/www.jloisbocos.com\/pt-pt\/wp-json\/wp\/v2\/media\/240"}],"wp:attachment":[{"href":"https:\/\/www.jloisbocos.com\/pt-pt\/wp-json\/wp\/v2\/media?parent=236"}],"wp:term":[{"taxonomy":"cat-portfolio","embeddable":true,"href":"https:\/\/www.jloisbocos.com\/pt-pt\/wp-json\/wp\/v2\/cat-portfolio?post=236"},{"taxonomy":"project-tag","embeddable":true,"href":"https:\/\/www.jloisbocos.com\/pt-pt\/wp-json\/wp\/v2\/project-tag?post=236"}],"curies":[{"name":"wp","href":"https:\/\/api.w.org\/{rel}","templated":true}]}}

Órgano de la catedral de Segovia

<p>Proyecto de registro y comunicación de la restauración del órgano del evangelio de la Catedral de Segovia por el <a href="https://www.jloisbocos.com/portefolio/imagen-y-comunicacion-joaquin-lois-organero/">taller de organería de Joaquín Lois</a>.</p>



<p>Se desarrollaron varios trabajos, entre ellas un blog que acompaña el proceso de restauración que contiene tanto la informacion historica del instrumento como todo el proceso de restauración, el cual es compartido en tiempo real en redes sociales y ofrecido en diferentes formatos, fotografía, artículos, videos, visitas virtuales&#8230;</p>



<p>Se desarolla un Tour Virtual que permite a los usuarios conocer el órgano desde su interior, éste fue variando en sus diferentes fases hasta llegar a su estado actual después de la intervención. Este proyecto cobra gran importancia tratandose de una obra de gran importancia para nuestro património historico artístico.</p>



<p>Otra de las patas del proyecto fue la edición de un libro donde se plasma toda la información referente al instrumento y la intervención.</p>



<p></p>

<p>Proyecto de registro y comunicación de la restauración del órgano del evangelio de la Catedral de Segovia por el taller de organería de Joaquín Lois. Se desarrollaron varios trabajos, entre ellas un blog que acompaña el proceso de restauración que contiene tanto la informacion historica del instrumento como todo el proceso de restauración, el cual [&hellip;]</p>

<!-- This site is optimized with the Yoast SEO plugin v26.6 - https://yoast.com/wordpress/plugins/seo/ -->
<title>Órgano de la catedral de Segovia - Jloisbocos</title>
<meta name="robots" content="noindex, follow, max-snippet:-1, max-image-preview:large, max-video-preview:-1" />
<meta property="og:locale" content="pt_PT" />
<meta property="og:type" content="article" />
<meta property="og:title" content="Órgano de la catedral de Segovia - Jloisbocos" />
<meta property="og:description" content="Proyecto de registro y comunicación de la restauración del órgano del evangelio de la Catedral de Segovia por el taller de organería de Joaquín Lois. Se desarrollaron varios trabajos, entre ellas un blog que acompaña el proceso de restauración que contiene tanto la informacion historica del instrumento como todo el proceso de restauración, el cual [&hellip;]" />
<meta property="og:url" content="https://www.jloisbocos.com/pt-pt/portefolio/organo-de-la-catedral-de-segovia/" />
<meta property="og:site_name" content="Jloisbocos" />
<meta property="article:modified_time" content="2025-01-22T17:40:32+00:00" />
<meta property="og:image" content="https://www.jloisbocos.com/wp-content/uploads/2023/02/MG_1614-HDR_3.jpg" />
	<meta property="og:image:width" content="2000" />
	<meta property="og:image:height" content="1542" />
	<meta property="og:image:type" content="image/jpeg" />
<meta name="twitter:card" content="summary_large_image" />
<meta name="twitter:label1" content="Tempo estimado de leitura" />
	<meta name="twitter:data1" content="1 minuto" />
<script type="application/ld+json" class="yoast-schema-graph">{"@context":"https://schema.org","@graph":[{"@type":"WebPage","@id":"https://www.jloisbocos.com/pt-pt/portefolio/organo-de-la-catedral-de-segovia/","url":"https://www.jloisbocos.com/pt-pt/portefolio/organo-de-la-catedral-de-segovia/","name":"Órgano de la catedral de Segovia - Jloisbocos","isPartOf":{"@id":"https://www.jloisbocos.com/pt-pt/#website"},"primaryImageOfPage":{"@id":"https://www.jloisbocos.com/pt-pt/portefolio/organo-de-la-catedral-de-segovia/#primaryimage"},"image":{"@id":"https://www.jloisbocos.com/pt-pt/portefolio/organo-de-la-catedral-de-segovia/#primaryimage"},"thumbnailUrl":"https://www.jloisbocos.com/wp-content/uploads/2023/02/MG_1614-HDR_3.jpg","datePublished":"2019-02-06T18:17:01+00:00","dateModified":"2025-01-22T17:40:32+00:00","breadcrumb":{"@id":"https://www.jloisbocos.com/pt-pt/portefolio/organo-de-la-catedral-de-segovia/#breadcrumb"},"inLanguage":"pt-PT","potentialAction":[{"@type":"ReadAction","target":["https://www.jloisbocos.com/pt-pt/portefolio/organo-de-la-catedral-de-segovia/"]}]},{"@type":"ImageObject","inLanguage":"pt-PT","@id":"https://www.jloisbocos.com/pt-pt/portefolio/organo-de-la-catedral-de-segovia/#primaryimage","url":"https://www.jloisbocos.com/wp-content/uploads/2023/02/MG_1614-HDR_3.jpg","contentUrl":"https://www.jloisbocos.com/wp-content/uploads/2023/02/MG_1614-HDR_3.jpg","width":2000,"height":1542},{"@type":"BreadcrumbList","@id":"https://www.jloisbocos.com/pt-pt/portefolio/organo-de-la-catedral-de-segovia/#breadcrumb","itemListElement":[{"@type":"ListItem","position":1,"name":"Início","item":"https://www.jloisbocos.com/pt-pt/"},{"@type":"ListItem","position":2,"name":"Portfolio","item":"https://www.jloisbocos.com/pt-pt/portfolio/"},{"@type":"ListItem","position":3,"name":"360","item":"https://www.jloisbocos.com/cat-portfolio/360/"},{"@type":"ListItem","position":4,"name":"Órgano de la catedral de Segovia"}]},{"@type":"WebSite","@id":"https://www.jloisbocos.com/pt-pt/#website","url":"https://www.jloisbocos.com/pt-pt/","name":"Jloisbocos","description":"Fotográfia, diseño y 3Dscan","publisher":{"@id":"https://www.jloisbocos.com/pt-pt/#organization"},"potentialAction":[{"@type":"SearchAction","target":{"@type":"EntryPoint","urlTemplate":"https://www.jloisbocos.com/pt-pt/?s={search_term_string}"},"query-input":{"@type":"PropertyValueSpecification","valueRequired":true,"valueName":"search_term_string"}}],"inLanguage":"pt-PT"},{"@type":"Organization","@id":"https://www.jloisbocos.com/pt-pt/#organization","name":"Jloisbocos","url":"https://www.jloisbocos.com/pt-pt/","logo":{"@type":"ImageObject","inLanguage":"pt-PT","@id":"https://www.jloisbocos.com/pt-pt/#/schema/logo/image/","url":"https://www.jloisbocos.com/wp-content/uploads/2022/12/logo.png","contentUrl":"https://www.jloisbocos.com/wp-content/uploads/2022/12/logo.png","width":208,"height":42,"caption":"Jloisbocos"},"image":{"@id":"https://www.jloisbocos.com/pt-pt/#/schema/logo/image/"}}]}</script>
<!-- / Yoast SEO plugin. -->

Órgano de la catedral de Segovia - Jloisbocos

Proyecto de registro y comunicación de la restauración del órgano del evangelio de la Catedral de Segovia por el taller de organería de Joaquín Lois. Se desarrollaron varios trabajos, entre ellas un blog que acompaña el proceso de restauración que contiene tanto la informacion historica del instrumento como todo el proceso de restauración, el cual [&hellip;]

Início

Fotográfia, diseño y 3Dscan
